 + 245. What is the hundreds digit of l(46)?
0
Let m(b) = -16*b + 3. Let c = 24 + -25. What is the tens digit of m(c)?
1
Let l = -524 + 1302. What is the hundreds digit of l?
7
Let d(z) = -7*z**2 - 5*z + 2*z**2 + 4*z**2 - 25 + 20*z. What is the tens digit of d(10)?
2
Suppose -7*w = -a - 2*w + 22, -3*a - w + 130 = 0. Let l = 102 - a. What is the tens digit of l?
6
Let t = -42 - -17. Let k = t + 28. Suppose 0 = -k*w - w + 84. What is the tens digit of w?
2
Let w(s) = 5*s + 8. Suppose -x = j + x + 6, -j - 6 = -4*x. Let i be w(j). Let b = 23 + i. What is the units digit of b?
1
Let l(n) = 2 - n - 6 - n. What is the units digit of l(-6)?
8
Suppose -4*b = -b - 6. Let f(m) = -3*m + 23*m**2 - m - 22*m**b + 1. What is the tens digit of f(6)?
1
Let t = 27 - 11. Suppose 0 = u + u - t. What is the units digit of u?
8
Let n = -3535 - -6963. What is the thousands digit of n?
3
Let k be (-48)/(-10) + 12/(-15). Suppose 4*y + 26 = 3*m, 0 = 5*m + k*y - 2*y. What is the units digit of 12*((-7)/m)/(-7)?
6
Let n = -1674 + 414. Let i(l) = -5*l - 26. Let j be i(-15). What is the units digit of 2/7 - n/j?
6
Suppose 46*t = 56*t - 6120. What is the hundreds digit of t?
6
Let q = 320 - 104. What is the tens digit of q?
1
Let b(t) = 2*t**2 - 10*t - 3. Let k be b(5). Let j be (6/k - -11) + -1. Suppose 3*g - 5*n - 67 = j, 2*n = 4*g - 114. What is the units digit of g?
0
Let y be (-5)/(-3) - (-2)/6. Suppose -k - 725 = -4*u, -478 = -y*u - 3*k - 119. Suppose 71 = 4*q - u. What is the tens digit of q?
6
Suppose 3*r - 9 = 0, 2*t + 4*r + 28 = 6*t. What is the hundreds digit of (-2 - (-448)/5)/(4/t)?
2
Let p be 8 + (8/(-4) - -2) + -3. Suppose -p*c + 280 = 5*t, -74 = -5*c + t + 182. What is the tens digit of c?
5
Let g(s) = 5*s**2 + 71*s + 21. What is the thousands digit of g(-31)?
2
Suppose 3*s = 5 + 4. Suppose s*d = 39 - 9. Suppose 0 = -7*a + 6*a + d. What is the units digit of a?
0
Let s = 38 - 20. Let j = s - 14. Suppose 2*u = -2*p + 5*u + 37, -4*p + j*u + 64 = 0. What is the units digit of p?
1
Let v = 258 - -264. Suppose 0 = 6*p - v - 36. What is the units digit of p?
3
Let x(y) = -y**2 + y + 32. Let k be x(-12). Let j = k - -241. What is the hundreds digit of j?
1
Let j = -460 + 814. Suppose -j = -4*h + 14. What is the tens digit of h?
9
Suppose 4*k + 4*w = 12, 2*k - 5*w = -0*w - 22. What is the units digit of (12/10)/(k/(-20))?
4
Suppose i + 0 + 5 = 0, -2*i = j - 825. What is the tens digit of j?
3
Let j be 1/3 - (-3)/(-9). Suppose -3*q - 2*l + 105 = j, -3*l + 142 = 4*q - l. What is the units digit of q - 6*4/8?
4
Suppose p - 4*c - 10 = -c, 14 = -3*p - 2*c. Let r(i) = i**2 - i - 1. Let s be r(p). Suppose 4*u = 3*l + 30, 2*u + 1 = -s*l + 3. What is the units digit of u?
6
Suppose 0 = 3*x - w - 3*w - 11, -3*x + w + 14 = 0. Suppose 5*l - x*g = 575, 0 = 2*l + l + g - 345. What is the units digit of l?
5
Let h(k) = -4*k**3 + k - 1. Let u be h(1). What is the tens digit of (2 - 64/24)/(u/306)?
5
Let f be -12 + 2/(2/1). Let x = f - -10. What is the tens digit of (-3)/(-3) - x - -36?
3
Suppose l = 2*t + 3*t - 8496, 2*t = -4*l + 3394. What is the tens digit of t?
9
Suppose -3*w + 2*w = -2*t - 62, 155 = -5*t + 4*w. Let z = t - -22. What is the units digit of 9 + z + 1*12?
2
Suppose l + 4*l = 4*a - 48, 4 = -l. Let m(p) = 13*p - 1 - a*p - 10*p. What is the units digit of m(-2)?
7
Let u(i) = i**2 - 9*i + 1. Let n be u(9). What is the units digit of 4 + -1 - (5 + n + -142)?
9
What is the thousands digit of 9 - 92/12 - 17962/(-6)?
2
Suppose 5*z - 7 = -27. Let t be 174/z*18/(-27). Suppose -4*b + 154 = 5*d + t, -3*b - 3*d = -90. What is the tens digit of b?
2
Suppose -4*l = -a - 14, -6*l = -3*l + 2*a - 5. Suppose 2*o + 202 = 5*p + l*o, 0 = 5*o - 10. What is the units digit of p?
0
Let a(h) = -h. Let q be a(-4). Suppose p = -4*n - 1, -p + 6 = -3*p - q*n. What is the units digit of p*2/(-10)*6?
6
Suppose t - 4 = 4*o, 0 = 3*o + o + t + 4. Let p = o + 3. Suppose -5*v + 66 = -p*v. What is the units digit of v?
2
Let r be (-16)/10 + (54/(-10) - -5). What is the tens digit of (0 + -2)*(r + (-1206)/12)?
0
Suppose -1092 = -7*o - 196. What is the hundreds digit of o?
1
Let p(c) = c**2 + 4*c + 2. Let a be p(-4). Suppose 0 = q + a - 14. What is the tens digit of q?
1
Suppose 5*b = -2*l + 1939 - 169, -b = -3*l - 371. What is the tens digit of b?
5
Let y(n) = -12*n - 13. Let c(m) = -3*m + 2. Let a be c(2). What is the units digit of y(a)?
5
Let b be (-2)/(-14) + (-13)/(-7). Suppose b*g + 136 = 6*g. What is the tens digit of g?
3
Suppose -2*z = t - 51, -214 - 69 = -5*t + 4*z. What is the tens digit of t?
5
Let q = -662 + 981. Suppose -11 = 2*v - q. What is the units digit of v?
4
Suppose 0 = -11*h + 4*h - 497. Let v = 142 + h. What is the tens digit of v?
7
Suppose -3*p - 88 = -3*r - 7, 6 = -3*p. What is the tens digit of r?
2
Let v(f) = 83*f**2 + 20*f + 19. What is the tens digit of v(-1)?
8
Let g be (4 + 2 + 0)*-14. Let y = g - -191. What is the tens digit of y?
0
What is the tens digit of 5/(-2)*(4 + (-175 - 7))?
4
Let n(l) = -l**3 - 8*l**2 - l - 3. Let m be n(-8). Suppose 3*i = i + 8, 40 = -q + m*i. Let j = 41 + q. What is the tens digit of j?
2
Let u(n) = -7*n. Let k be u(2). Let h be (5 - (-5)/(-1)) + 72. Let c = h + k. What is the tens digit of c?
5
Let t = 81 - 46. Suppose -40*f + t*f = -235. What is the tens digit of f?
4
Let r(k) = k**3 + 3*k**2 + 2. Let n be ((-5)/(-15))/((-2)/18). Let f be r(n). Suppose l + 3*x - 21 = 0, -x + 6 = f*x. What is the tens digit of l?
1
Suppose 4*x - 4 = 0, 5*x - 519 - 396 = -2*k. Suppose 9*p - k = 238. What is the units digit of p?
7
Suppose 4*l - 5*r = -5, 2*l - 2 + 3 = r. Suppose l*o - 4*o = 0. Suppose 4*f - 3*f - 1 = o. What is the units digit of f?
1
Let u(g) = g**3 + 8*g**2 + 6*g - 7. Let x be u(-7). Suppose -8*s + 3*s - 180 = x. Let j = -25 - s. What is the units digit of j?
1
Suppose 3712 = c + 1135. What is the thousands digit of c?
2
Let o(v) = 158*v**3 + v**2 + v + 2. What is the thousands digit of o(2)?
1
Let m(o) = 8*o**2 - 35*o - 47. What is the units digit of m(-19)?
6
Suppose -p + 6457 = -6*p - u, -3*p - 3867 = 3*u. What is the tens digit of p/(-32) - 6/16?
4
Suppose -3*h = -8*h + 35. Let c = -7 + h. Suppose 0*n + 5*n - 55 = c. What is the tens digit of n?
1
Suppose -2*g = 3*l + 2*g - 1919, 12 = -3*g. What is the tens digit of l?
4
Let k(o) = o + 0*o - 2*o + 5 - 2. Let v be k(0). Suppose v*j - 20 = 118. What is the units digit of j?
6
Suppose 0 = -2*d + 2*v - 254, -3*d + d + 5*v - 257 = 0. Let k = -65 - d. What is the units digit of k?
1
Let r(y) = -1 - 10*y - 14 - 2 + 1. What is the tens digit of r(-6)?
4
Let a = 35 + -21. Suppose 3*j + a = 86. What is the units digit of j?
4
Suppose 5*u + 5*h - 135 = 0, 2*u + 3*u + h = 131. Suppose u = 5*q - 154. Suppose 3*n + n - 5*x = 46, -4*x = 2*n - q. What is the tens digit of n?
1
Let i(a) = 7*a**3 - 2*a**2 + a - 1. Let c(l) = l**2 - 7. Suppose 0*s + 30 = 5*w + 3*s, 25 = 5*s. Let d be c(w). What is the tens digit of i(d)?
4
Let a(z) = -43*z + 11. Let o be a(8). Let v be o/18 + (-6)/4. Let n = v + 63. What is the tens digit of n?
4
Let t be 61404/168 + 1/(-2)*1. Suppose q - 184 = -2*p, -2*q + p + t = 2*p. What is the units digit of q?
2
Suppose 3*x = -3*p - 0*p + 1074, -2*p - 1438 = -4*x. What is the hundreds digit of x?
3
Suppose 0 = 2*s - 5 - 63. Suppose -128 = -6*h + s. What is the tens digit of h?
2
Suppose -3*j + 0 = -5*q + 23, 5*q + 3*j = 47. Let p(y) = 7*y - 5. Let m be p(5). Suppose 9*h = q*h + m. What is the units digit of h?
5
Let v = -618 - -275. Let w = 527 + v. What is the hundreds digit of w?
1
Suppose 0 = 2*z - 22 - 36. Suppose i = -3*l + z, -3*i = -2*l - 34 - 31. What is the units digit of i?
3
Suppose 1047 = -4*g - 4*d + 7539, -8105 = -5*g + 5*d. What is the tens digit of g?
2
Let k(u) = -2*u**3 - 2*u**2 + 3*u + 6. Let n be k(-4). What is the units digit of (1/(3/n))/((-6)/(-4))?
0
Let x(a) = -3*a - 32. Let i be x(-6). What is the tens digit of 18*((-144)/(-14) + 4/i)?
8
Suppose 37 = -3*v + 127. Suppose 0 = -3*z + l + 13 + 15, 2*z + 5*l = v. What is the tens digit of z?
1
Let r(k) = -k**3 + 4*k + 1. Let z be r(-5). Let l = -48 + z. Suppose -2*b + 3*v = -l, -b + 2*b + 4*v - 51 = 0. What is the tens digit of b?
3
Suppose u - 42 = g, -8*u - 3*g = -4*u - 182. What is the units digit of u?
4